/152). Let o = a - 27. Let l be 1 + -7 + (8 - (-1 - 8)). Calculate the greatest common divisor of l and o.
11
Let d = -56 + 56. Suppose t + 0 - 2 = d, -4*n - 5*t = -70. Calculate the greatest common divisor of 5 and n.
5
Let b be (-24)/(-3 - -6) - -1. Let o = b - 2. Let m = 15 + o. Calculate the highest common factor of m and 42.
6
Let a = 14 - 0. Suppose -a = -f - 10. Suppose 2*u + 2 = 0, u + 3 = 4*o + 2*u. Calculate the highest common factor of o and f.
1
Let m be -1*1 + 0 + -2. Let w = 18 + m. Suppose -w = -5*j + 4*j + 2*u, 0 = 4*j + 4*u - 96. What is the highest common divisor of j and 189?
21
Let n(r) = r**2 + 6 - 2 - 6 - 5*r. Let t be n(7). What is the greatest common divisor of 36 and t?
12
Let u(a) = a - 8. Let v be u(7). Let j be ((-208)/(-32))/((-3)/(-2) + v). What is the highest common factor of 91 and j?
13
Suppose -2*s - 2*y - 28 = 0, 4*y + 40 = s - 4*s. Let v = 18 + s. Suppose 0*n + v*n - 34 = 0. Calculate the highest common factor of n and 34.
17
Let j be (-1 - -1)*(0 - -1). Suppose j = 8*i - 12*i + 24. Let x be i/(-2) - -8 - -4. Calculate the greatest common divisor of 9 and x.
9
Suppose 3*j + 3*q = -0*q + 201, 0 = -2*j + 5*q + 169. Calculate the greatest common factor of j and 117.
9
Suppose 0 = -0*k - 7*k + 105. Let n be (15/4)/(1/4). What is the highest common divisor of n and k?
15
Let l = 16 - 14. Suppose 54 = w + l*w. What is the greatest common divisor of 18 and w?
18
Suppose 3*r - 36 = -3*a, -3*a + 0*r - r = -46. Let v = a - -21. What is the highest common factor of 38 and v?
38
Let q be (-28 - -6)*(-1)/(-2)*-44. What is the highest common divisor of q and 88?
44
Suppose 0 = -5*l - 4*d + 286, -8 = -3*d + d. Let p = -14 - -14. Suppose n - 1 - 5 = p. What is the greatest common divisor of n and l?
6
Let s be (-157)/(-4) + 3/(-12). Suppose 2*f = -a + 7, -14 = a - 3*f - 36. What is the greatest common factor of s and a?
13
Suppose -2*j + 5*o = -11, -j - 2*j + 22 = -2*o. Let w = 17 + j. Suppose u - 3*z - w - 12 = 0, 5*u - 121 = -z. What is the greatest common factor of u and 25?
25
Let p(b) = -31*b. Let d be p(-6). What is the highest common factor of d and 12?
6
Suppose -245*l + 250*l - 1275 = 0. Calculate the highest common factor of 15 and l.
15
Let l be (180/25)/(1/5). Let f(h) = 1 - 1 + l*h - 49*h - 3. Let x be f(-2). What is the highest common factor of 23 and x?
23
Let s(f) = -7*f**3 + f**2 + 2*f. Let k be s(-2). Let h be 2*(-2 - 0)*2. Let i be (h - -6)*(0 + -7). What is the greatest common factor of k and i?
14
Suppose c + 0*c = 51. Let f(n) = -n**3 - 46*n**2 + 47*n + 34. Let y be f(-47). What is the highest common divisor of y and c?
17
Let o(f) = f**3 + 6*f**2 + 7*f + 6. Let v be o(-5). Let k be (0 - -42)/(v/(-2)). Calculate the greatest common divisor of k and 105.
21
Suppose -4*n - n = 0. Suppose n = -5*m - 4*q + 61, -2*m + q + 14 = -0*q. Suppose 4 = -4*b, 5*h - 2*b - 8 = b. What is the highest common factor of m and h?
1
Suppose -4*w = 10 - 22. Suppose 4*n = x + 32, 44 = -w*n + 7*n - 4*x. What is the greatest common divisor of 35 and n?
7
Let o be (-68)/(-12) + (-8)/12. Let g(k) = k**3 - 3*k**2 - k. Let r be g(o). Suppose -2*f + r = f. What is the greatest common factor of 135 and f?
15
Let p = -1109 + 1238. Calculate the greatest common divisor of p and 559.
43
Suppose 4*j - 2*j - 42 = 5*u, 159 = 5*j + u. Let y = -19 + j. Calculate the highest common factor of 60 and y.
12
Let u = -45 + -15. Let t = u - -148. Suppose -3*h + t + 290 = 0. Calculate the greatest common divisor of 14 and h.
14
Suppose 0 = 15*o - 14*o + 4, 3*o = 2*c - 540. Calculate the highest common divisor of 2 and c.
2
Suppose 6*d - 176 = -128. Calculate the greatest common factor of 12 and d.
4
Suppose -105 = -426*g + 419*g. Let d be 13/5 - (-2)/5. What is the greatest common divisor of g and d?
3
Let v(o) = -2*o**2 - 109*o - 42. Let i be v(-54). Let j = 83 - 133. Let c = j - -86. Calculate the highest common divisor of c and i.
12
Suppose -8*x = 4*c - 760, -4*x = -6 - 10. Calculate the highest common factor of c and 260.
26
Let a = -23 - -113. Calculate the greatest common factor of a and 60.
30
Let c = 35 - -22. Let y be (-186)/(-10) + 4/10. Calculate the greatest common divisor of y and c.
19
Let i = 1027 - 969. What is the greatest common factor of i and 2?
2
Let v = 37 + 5. Let b = 112 - v. Calculate the greatest common factor of b and 14.
14
Let j = -75 - -49. Let o = j + 54. Suppose 4*s = 5*r + 48, 4*s - 5 = -4*r + 7. Calculate the highest common factor of s and o.
7
Let z be (-22)/(-11)*-2 - -74. Calculate the greatest common divisor of z and 1610.
70
Suppose 3*x = -f + 838, -x + 2*f = 6*f - 272. Calculate the greatest common divisor of 32 and x.
8
Suppose -16*q - 410 = -26*q. What is the greatest common factor of q and 41?
41
Let h(c) = 2*c**3 + 36*c**2 - 64*c - 10. Let t be h(-19). Calculate the greatest common factor of 22 and t.
22
Suppose 2*k - 36 = -k - 3*y, 5*y = 3*k - 68. Suppose -o = -k + 2. Let x = -9 + o. What is the highest common divisor of x and 5?
5
Let n = -382 - -585. What is the greatest common divisor of 21 and n?
7
Let m(j) = -j - 2. Let q be m(-2). Suppose -3*h + 5*h + 8 = q. Let r be (50/h)/(2/(-4)). Calculate the greatest common divisor of r and 5.
5
Let u be 65/(-7) - 10/(-35). Let p be 12/(-54) - 434/u. Suppose -3*h + 4*y - 12 = -46, -2*h - 4 = 4*y. Calculate the highest common factor of p and h.
6
Suppose 30 = -846*d + 861*d. Calculate the greatest common factor of 64 and d.
2
Let n(c) = 3*c - 9. Let g be 1 + (-3 - 2) + 9. Suppose -m - g*m = -36. Let h be n(m). What is the greatest common factor of 45 and h?
9
Let u be ((-18)/8)/(37/(-38628)). What is the highest common divisor of 87 and u?
87
Let r = -6 - -6. Suppose 5*n - 2*u - 1120 + 272 = r, 4*n = 5*u + 675. Suppose d - n = 91. Calculate the greatest common factor of 29 and d.
29
Suppose 245*m - 244*m - 17 = 0. Calculate the greatest common factor of m and 85.
17
Let m(j) = 8*j - 54. Let s be m(9). What is the greatest common factor of s and 2?
2
Suppose -2*g + 88 = g - 5*t, -5*g + 4*t = -164. Let v(b) = 17*b - 8. Let h be v(4). Calculate the highest common factor of h and g.
12
Suppose 0 = 3*x + 3*v - 5313, -4*x - x + v = -8879. What is the greatest common factor of 71 and x?
71
Let n(h) = -h + 2. Let j be n(3). Let s be (1 - -6) + 3 + j. What is the highest common factor of 18 and s?
9
Let r(k) = k**2 + 9*k - 10. Let n be r(-11). Suppose -n*q = -9*q - 57. Suppose 15 = 2*w - 23. Calculate the highest common factor of q and w.
19
Suppose 36 = 4*q - 2*q - 4*h, -q + 5*h = -15. Let o(w) = 4*w. Let z be o(2). What is the greatest common divisor of q and z?
4
Suppose 3*s = 2*f + 3*f + 31, -2*s - 5*f = 21. Suppose s*l - 9 = l. Calculate the greatest common factor of 1 and l.
1
Suppose 3*x - 7*x = -56. Suppose x = 2*d + 2. Suppose -64 = -3*y - 10. Calculate the highest common factor of y and d.
6
Let j = 958 + -569. Suppose -j - 156 = -5*r - 5*k, k + 101 = r. Calculate the highest common factor of r and 21.
21
Suppose 3*g = 8*g - 4*y - 121, -2*g = -2*y - 50. Suppose -5*v = x - 10, 80 = 5*x - 3*v - 110. What is the highest common divisor of x and g?
7
Suppose v = 32 + 23. Let q = -55 - -36. Let o = v + q. Calculate the highest common divisor of o and 6.
6
Suppose w = -w + 4. Let g be 910/50 + (-12)/(-15) - -3. What is the highest common divisor of g and w?
2
Suppose -h + 2 + 3 = x, 12 = 2*h + 3*x. Suppose -4*j + h*y - 10 = 2*y, 2*y = 3*j + 10. Let m be j*(2 - 244/8). Calculate the greatest common factor of m and 38.
19
Let z be ((-48)/(-4))/4*1. Suppose z*a + 60 = 7*a. What is the highest common factor of 75 and a?
15
Suppose 1 = s - 2*s. Let u be (4 + s/(-2))*(20 + 0). What is the highest common divisor of 10 and u?
10
Let b = -23 + 26. Suppose 0 = 2*w + 5*h - 1225, 8*w + b*h - 3015 = 3*w. Suppose 2*s + w = 5*s. Calculate the greatest common factor of s and 25.
25
Let h = -271 + 275. Calculate the highest common factor of h and 32.
4
Suppose -4*z + 24 = -z. Let t be (3 - (-5)/(-7)) + 8/(-28). Suppose 0 = -v - t*g + 6, -v - 3*v - 5*g + 21 = 0. Calculate the highest common divisor of v and z.
4
Suppose -3*s - 4*l - 7 = 0, 5*s - 2*l = l + 27. Suppose -s*x + 36 = x. What is the highest common factor of x and 1?
1
Let j be -2*(-22)/8 + 3/(-6). Let u = j + 1. Calcu